{"id":28,"date":"2022-09-23T20:39:11","date_gmt":"2022-09-23T20:39:11","guid":{"rendered":"https:\/\/sbhansenologia.com.br\/?page_id=28"},"modified":"2022-09-23T22:39:25","modified_gmt":"2022-09-23T22:39:25","slug":"comissao-cientifica","status":"publish","type":"page","link":"https:\/\/sbhansenologia.com.br\/2022\/comissao-cientifica\/","title":{"rendered":"Comiss\u00e3o cient\u00edfica"},"content":{"rendered":"\t\t<div data-elementor-type=\"wp-page\" data-elementor-id=\"28\" class=\"elementor elementor-28\">\n\t\t\t\t\t\t<section class=\"elementor-section elementor-top-section elementor-element elementor-element-5776a5f3 elementor-section-height-min-height elementor-section-boxed elementor-section-height-default elementor-section-items-middle\" data-id=\"5776a5f3\" data-element_type=\"section\">\n\t\t\t\t\t\t\t<div class=\"elementor-background-overlay\"><\/div>\n\t\t\t\t\t\t\t<div class=\"elementor-container elementor-column-gap-default\">\n\t\t\t\t\t<div class=\"elementor-column elementor-col-100 elementor-top-column elementor-element elementor-element-2eae84e5\" data-id=\"2eae84e5\" data-element_type=\"column\">\n\t\t\t<div class=\"elementor-widget-wrap elementor-element-populated\">\n\t\t\t\t\t\t\t<\/div>\n\t\t<\/div>\n\t\t\t\t\t<\/div>\n\t\t<\/section>\n\t\t\t\t<section class=\"elementor-section elementor-top-section elementor-element elementor-element-7ba6c2d elementor-section-boxed elementor-section-height-default elementor-section-height-default\" data-id=\"7ba6c2d\" data-element_type=\"section\">\n\t\t\t\t\t\t<div class=\"elementor-container elementor-column-gap-default\">\n\t\t\t\t\t<div class=\"elementor-column elementor-col-100 elementor-top-column elementor-element elementor-element-4085fd2\" data-id=\"4085fd2\" data-element_type=\"column\">\n\t\t\t<div class=\"elementor-widget-wrap elementor-element-populated\">\n\t\t\t\t\t\t<div class=\"elementor-element elementor-element-beec5fc elementor-widget elementor-widget-text-editor\" data-id=\"beec5fc\" data-element_type=\"widget\" data-widget_type=\"text-editor.default\">\n\t\t\t\t<div class=\"elementor-widget-container\">\n\t\t\t<style>\/*! elementor - v3.21.0 - 08-05-2024 *\/\n.elementor-widget-text-editor.elementor-drop-cap-view-stacked .elementor-drop-cap{background-color:#69727d;color:#fff}.elementor-widget-text-editor.elementor-drop-cap-view-framed .elementor-drop-cap{color:#69727d;border:3px solid;background-color:transparent}.elementor-widget-text-editor:not(.elementor-drop-cap-view-default) .elementor-drop-cap{margin-top:8px}.elementor-widget-text-editor:not(.elementor-drop-cap-view-default) .elementor-drop-cap-letter{width:1em;height:1em}.elementor-widget-text-editor .elementor-drop-cap{float:left;text-align:center;line-height:1;font-size:50px}.elementor-widget-text-editor .elementor-drop-cap-letter{display:inline-block}<\/style>\t\t\t\t<ol><li>Apol\u00f4nio de Carvalho Neto Nascimento<\/li><li>Andrea de Faria Fernandes Belone<\/li><li>Artur Custodio Moreira<\/li><li>Claudio Guedes Salgado<\/li><li>Diogo Fernandes dos Santos<\/li><li>Francisco Bezerra de Almeida Neto<\/li><li>Fred Bernardes Filho<\/li><li>Glauber Voltan<\/li><li>Helena Barbosa Lug\u00e3o<\/li><li>Isabela Maria Bernardes Goulart (Presidente)<\/li><li>Jaci Maria Santana<\/li><li>Jorge Ant\u00f4nio de Almeida<\/li><li>Josaf\u00e1 Gon\u00e7alves Barreto<\/li><li>Stela Neme Dar\u00e9 de Almeida<\/li><li>Marcio Cesar Reino Gaggini<\/li><li>Marco Andrey Cipriani Frade<\/li><li>Marcos C\u00e9sar Florian<\/li><li>Marcos da Cunha Lopes Virmond<\/li><li>Maria \u00c2ngela Bianconcini Trindade<\/li><li>Marilda Aparecida Milanez M. de Abreu<\/li><li>Moises Batista da Silva<\/li><li>Patr\u00edcia Duarte Deps<\/li><li>Patr\u00edcia Fagundes da Costa<\/li><li>Patr\u00edcia Sammarco Rosa<\/li><li>Reinaldo Guilherme Bechler<\/li><li>Vera L\u00facia Gomes de Andrade<\/li><\/ol>\t\t\t\t\t\t<\/div>\n\t\t\t\t<\/div>\n\t\t\t\t\t<\/div>\n\t\t<\/div>\n\t\t\t\t\t<\/div>\n\t\t<\/section>\n\t\t\t\t<\/div>\n\t\t","protected":false},"excerpt":{"rendered":"<p>Apol\u00f4nio de Carvalho Neto Nascimento Andrea de Faria Fernandes Belone Artur Custodio Moreira Claudio Guedes Salgado Diogo Fernandes dos Santos Francisco Bezerra de Almeida Neto Fred Bernardes Filho Glauber Voltan Helena Barbosa Lug\u00e3o Isabela Maria Bernardes Goulart (Presidente) Jaci Maria Santana Jorge Ant\u00f4nio de Almeida Josaf\u00e1 Gon\u00e7alves Barreto Stela Neme Dar\u00e9 de Almeida Marcio Cesar [&hellip;]<\/p>\n","protected":false},"author":1,"featured_media":0,"parent":0,"menu_order":0,"comment_status":"closed","ping_status":"closed","template":"elementor_header_footer","meta":{"footnotes":""},"aioseo_notices":[],"_links":{"self":[{"href":"https:\/\/sbhansenologia.com.br\/2022\/wp-json\/wp\/v2\/pages\/28"}],"collection":[{"href":"https:\/\/sbhansenologia.com.br\/2022\/wp-json\/wp\/v2\/pages"}],"about":[{"href":"https:\/\/sbhansenologia.com.br\/2022\/wp-json\/wp\/v2\/types\/page"}],"author":[{"embeddable":true,"href":"https:\/\/sbhansenologia.com.br\/2022\/wp-json\/wp\/v2\/users\/1"}],"replies":[{"embeddable":true,"href":"https:\/\/sbhansenologia.com.br\/2022\/wp-json\/wp\/v2\/comments?post=28"}],"version-history":[{"count":4,"href":"https:\/\/sbhansenologia.com.br\/2022\/wp-json\/wp\/v2\/pages\/28\/revisions"}],"predecessor-version":[{"id":181,"href":"https:\/\/sbhansenologia.com.br\/2022\/wp-json\/wp\/v2\/pages\/28\/revisions\/181"}],"wp:attachment":[{"href":"https:\/\/sbhansenologia.com.br\/2022\/wp-json\/wp\/v2\/media?parent=28"}],"curies":[{"name":"wp","href":"https:\/\/api.w.org\/{rel}","templated":true}]}}