{"id":22,"date":"2022-09-23T20:38:10","date_gmt":"2022-09-23T20:38:10","guid":{"rendered":"https:\/\/sbhansenologia.com.br\/?page_id=22"},"modified":"2024-05-29T17:23:59","modified_gmt":"2024-05-29T17:23:59","slug":"publico-alvo","status":"publish","type":"page","link":"https:\/\/sbhansenologia.com.br\/2024\/publico-alvo\/","title":{"rendered":"P\u00fablico Alvo"},"content":{"rendered":"\t\t<div data-elementor-type=\"wp-page\" data-elementor-id=\"22\" class=\"elementor elementor-22\" data-elementor-post-type=\"page\">\n\t\t\t\t\t\t<section class=\"elementor-section elementor-top-section elementor-element elementor-element-4cacc126 elementor-section-height-min-height elementor-section-boxed elementor-section-height-default elementor-section-items-middle\" data-id=\"4cacc126\" data-element_type=\"section\" data-e-type=\"section\" data-settings=\"{&quot;background_background&quot;:&quot;classic&quot;}\">\n\t\t\t\t\t\t\t<div class=\"elementor-background-overlay\"><\/div>\n\t\t\t\t\t\t\t<div class=\"elementor-container elementor-column-gap-default\">\n\t\t\t\t\t<div class=\"elementor-column elementor-col-100 elementor-top-column elementor-element elementor-element-12b04596\" data-id=\"12b04596\" data-element_type=\"column\" data-e-type=\"column\">\n\t\t\t<div class=\"elementor-widget-wrap elementor-element-populated\">\n\t\t\t\t\t\t\t<\/div>\n\t\t<\/div>\n\t\t\t\t\t<\/div>\n\t\t<\/section>\n\t\t\t\t<section class=\"elementor-section elementor-top-section elementor-element elementor-element-6887b0d elementor-section-boxed elementor-section-height-default elementor-section-height-default\" data-id=\"6887b0d\" data-element_type=\"section\" data-e-type=\"section\">\n\t\t\t\t\t\t<div class=\"elementor-container elementor-column-gap-default\">\n\t\t\t\t\t<div class=\"elementor-column elementor-col-50 elementor-top-column elementor-element elementor-element-1747ca3\" data-id=\"1747ca3\" data-element_type=\"column\" data-e-type=\"column\">\n\t\t\t<div class=\"elementor-widget-wrap elementor-element-populated\">\n\t\t\t\t\t\t<div class=\"elementor-element elementor-element-a321c96 elementor-widget elementor-widget-text-editor\" data-id=\"a321c96\" data-element_type=\"widget\" data-e-type=\"widget\" data-widget_type=\"text-editor.default\">\n\t\t\t\t<div class=\"elementor-widget-container\">\n\t\t\t\t\t\t\t\t\t<p><strong><span class=\"\" data-ogsc=\"rgb(84, 89, 95)\" data-ogsb=\"rgb(255, 255, 255)\">M\u00e9dicos das e<\/span><span class=\"\" data-ogsc=\"rgb(84, 89, 95)\" data-ogsb=\"rgb(255, 255, 255)\">specialidades<\/span><\/strong><\/p><ul><li>cl\u00ednica m\u00e9dica<\/li><li>dermatologistas<\/li><li>infectologistas<\/li><li>medicina preventiva social<\/li><li>m\u00e9dicos peritos<\/li><li>neurologistas<\/li><li>oftalmologistas<\/li><li>reumatologistas<\/li><li>sa\u00fade da fam\u00edlia e comunidade<\/li><\/ul>\t\t\t\t\t\t\t\t<\/div>\n\t\t\t\t<\/div>\n\t\t\t\t\t<\/div>\n\t\t<\/div>\n\t\t\t\t<div class=\"elementor-column elementor-col-50 elementor-top-column elementor-element elementor-element-bdb8156\" data-id=\"bdb8156\" data-element_type=\"column\" data-e-type=\"column\">\n\t\t\t<div class=\"elementor-widget-wrap elementor-element-populated\">\n\t\t\t\t\t\t<div class=\"elementor-element elementor-element-970243e elementor-widget elementor-widget-text-editor\" data-id=\"970243e\" data-element_type=\"widget\" data-e-type=\"widget\" data-widget_type=\"text-editor.default\">\n\t\t\t\t<div class=\"elementor-widget-container\">\n\t\t\t\t\t\t\t\t\t<p><strong><span class=\"\" data-ogsc=\"rgb(84, 89, 95)\" data-ogsb=\"rgb(255, 255, 255)\">P<\/span><span class=\"\" data-ogsc=\"rgb(84, 89, 95)\" data-ogsb=\"rgb(255, 255, 255)\">esquisadores<\/span><\/strong><\/p><ul><li>Defensores de direitos humanos ou voltadas \u00e0 causa da hansen\u00edase<\/li><li>Dirigentes e militantes em organiza\u00e7\u00f5es (associa\u00e7\u00f5es, ongs etc.)<\/li><li>Gestores com atua\u00e7\u00e3o em administra\u00e7\u00e3o p\u00fablica ou privada em sa\u00fade<\/li><li>Historiadores<\/li><li>Soci\u00f3logos<\/li><\/ul>\t\t\t\t\t\t\t\t<\/div>\n\t\t\t\t<\/div>\n\t\t\t\t\t<\/div>\n\t\t<\/div>\n\t\t\t\t\t<\/div>\n\t\t<\/section>\n\t\t\t\t<section class=\"elementor-section elementor-top-section elementor-element elementor-element-2dfe7b9 elementor-section-boxed elementor-section-height-default elementor-section-height-default\" data-id=\"2dfe7b9\" data-element_type=\"section\" data-e-type=\"section\">\n\t\t\t\t\t\t<div class=\"elementor-container elementor-column-gap-default\">\n\t\t\t\t\t<div class=\"elementor-column elementor-col-100 elementor-top-column elementor-element elementor-element-98fbbca\" data-id=\"98fbbca\" data-element_type=\"column\" data-e-type=\"column\">\n\t\t\t<div class=\"elementor-widget-wrap elementor-element-populated\">\n\t\t\t\t\t\t<div class=\"elementor-element elementor-element-11ab29d elementor-widget-divider--view-line elementor-widget elementor-widget-divider\" data-id=\"11ab29d\" data-element_type=\"widget\" data-e-type=\"widget\" data-widget_type=\"divider.default\">\n\t\t\t\t<div class=\"elementor-widget-container\">\n\t\t\t\t\t\t\t<div class=\"elementor-divider\">\n\t\t\t<span class=\"elementor-divider-separator\">\n\t\t\t\t\t\t<\/span>\n\t\t<\/div>\n\t\t\t\t\t\t<\/div>\n\t\t\t\t<\/div>\n\t\t\t\t\t<\/div>\n\t\t<\/div>\n\t\t\t\t\t<\/div>\n\t\t<\/section>\n\t\t\t\t<section class=\"elementor-section elementor-top-section elementor-element elementor-element-94e837f elementor-section-boxed elementor-section-height-default elementor-section-height-default\" data-id=\"94e837f\" data-element_type=\"section\" data-e-type=\"section\">\n\t\t\t\t\t\t<div class=\"elementor-container elementor-column-gap-default\">\n\t\t\t\t\t<div class=\"elementor-column elementor-col-50 elementor-top-column elementor-element elementor-element-3accd2a\" data-id=\"3accd2a\" data-element_type=\"column\" data-e-type=\"column\">\n\t\t\t<div class=\"elementor-widget-wrap elementor-element-populated\">\n\t\t\t\t\t\t<div class=\"elementor-element elementor-element-1b20a96 elementor-widget elementor-widget-text-editor\" data-id=\"1b20a96\" data-element_type=\"widget\" data-e-type=\"widget\" data-widget_type=\"text-editor.default\">\n\t\t\t\t<div class=\"elementor-widget-container\">\n\t\t\t\t\t\t\t\t\t<ul><li><strong>Assistentes sociais<\/strong><\/li><li><strong>Bi\u00f3logos<\/strong><\/li><li><strong>Biom\u00e9dicos<\/strong><\/li><li><strong>Enfermeiros<\/strong><\/li><li><strong>Fisioterapeutas<\/strong><\/li><li><strong>Psic\u00f3logos<\/strong><\/li><li><strong>Terapeutas ocupacionais<\/strong><\/li><\/ul>\t\t\t\t\t\t\t\t<\/div>\n\t\t\t\t<\/div>\n\t\t\t\t\t<\/div>\n\t\t<\/div>\n\t\t\t\t<div class=\"elementor-column elementor-col-50 elementor-top-column elementor-element elementor-element-c5bc8bc\" data-id=\"c5bc8bc\" data-element_type=\"column\" data-e-type=\"column\">\n\t\t\t<div class=\"elementor-widget-wrap elementor-element-populated\">\n\t\t\t\t\t\t<div class=\"elementor-element elementor-element-dcca100 elementor-widget elementor-widget-text-editor\" data-id=\"dcca100\" data-element_type=\"widget\" data-e-type=\"widget\" data-widget_type=\"text-editor.default\">\n\t\t\t\t<div class=\"elementor-widget-container\">\n\t\t\t\t\t\t\t\t\t<ul><li><strong>Outros profissionais interessados nas \u00e1reas de sa\u00fade, comportamento e legisla\u00e7\u00e3o ligados ao tema hansen\u00edase.<\/strong><\/li><li><strong>Estudantes de todas as \u00e1reas mencionadas<\/strong><\/li><li><strong>Agentes comunit\u00e1rios de sa\u00fade<\/strong><\/li><\/ul>\t\t\t\t\t\t\t\t<\/div>\n\t\t\t\t<\/div>\n\t\t\t\t\t<\/div>\n\t\t<\/div>\n\t\t\t\t\t<\/div>\n\t\t<\/section>\n\t\t\t\t<\/div>\n\t\t","protected":false},"excerpt":{"rendered":"<p>M\u00e9dicos das especialidades cl\u00ednica m\u00e9dica dermatologistas infectologistas medicina preventiva social m\u00e9dicos peritos neurologistas oftalmologistas reumatologistas sa\u00fade da fam\u00edlia e comunidade Pesquisadores Defensores de direitos humanos ou voltadas \u00e0 causa da hansen\u00edase Dirigentes e militantes em organiza\u00e7\u00f5es (associa\u00e7\u00f5es, ongs etc.) Gestores com atua\u00e7\u00e3o em administra\u00e7\u00e3o p\u00fablica ou privada em sa\u00fade Historiadores Soci\u00f3logos Assistentes sociais Bi\u00f3logos Biom\u00e9dicos [&hellip;]<\/p>\n","protected":false},"author":1,"featured_media":0,"parent":0,"menu_order":0,"comment_status":"closed","ping_status":"closed","template":"elementor_header_footer","meta":{"footnotes":""},"class_list":["post-22","page","type-page","status-publish","hentry"],"aioseo_notices":[],"_links":{"self":[{"href":"https:\/\/sbhansenologia.com.br\/2024\/wp-json\/wp\/v2\/pages\/22","targetHints":{"allow":["GET"]}}],"collection":[{"href":"https:\/\/sbhansenologia.com.br\/2024\/wp-json\/wp\/v2\/pages"}],"about":[{"href":"https:\/\/sbhansenologia.com.br\/2024\/wp-json\/wp\/v2\/types\/page"}],"author":[{"embeddable":true,"href":"https:\/\/sbhansenologia.com.br\/2024\/wp-json\/wp\/v2\/users\/1"}],"replies":[{"embeddable":true,"href":"https:\/\/sbhansenologia.com.br\/2024\/wp-json\/wp\/v2\/comments?post=22"}],"version-history":[{"count":16,"href":"https:\/\/sbhansenologia.com.br\/2024\/wp-json\/wp\/v2\/pages\/22\/revisions"}],"predecessor-version":[{"id":2061,"href":"https:\/\/sbhansenologia.com.br\/2024\/wp-json\/wp\/v2\/pages\/22\/revisions\/2061"}],"wp:attachment":[{"href":"https:\/\/sbhansenologia.com.br\/2024\/wp-json\/wp\/v2\/media?parent=22"}],"curies":[{"name":"wp","href":"https:\/\/api.w.org\/{rel}","templated":true}]}}