{"id":31,"date":"2022-09-23T20:40:48","date_gmt":"2022-09-23T20:40:48","guid":{"rendered":"https:\/\/sbhansenologia.com.br\/?page_id=31"},"modified":"2024-06-14T01:46:30","modified_gmt":"2024-06-14T01:46:30","slug":"temas","status":"publish","type":"page","link":"https:\/\/sbhansenologia.com.br\/2024\/temas\/","title":{"rendered":"Tema"},"content":{"rendered":"\t\t<div data-elementor-type=\"wp-page\" data-elementor-id=\"31\" class=\"elementor elementor-31\" data-elementor-post-type=\"page\">\n\t\t\t\t\t\t<section class=\"elementor-section elementor-top-section elementor-element elementor-element-67d65c06 elementor-section-height-min-height elementor-section-boxed elementor-section-height-default elementor-section-items-middle\" data-id=\"67d65c06\" data-element_type=\"section\" data-e-type=\"section\" data-settings=\"{&quot;background_background&quot;:&quot;classic&quot;}\">\n\t\t\t\t\t\t\t<div class=\"elementor-background-overlay\"><\/div>\n\t\t\t\t\t\t\t<div class=\"elementor-container elementor-column-gap-default\">\n\t\t\t\t\t<div class=\"elementor-column elementor-col-100 elementor-top-column elementor-element elementor-element-2b78eb3f\" data-id=\"2b78eb3f\" data-element_type=\"column\" data-e-type=\"column\">\n\t\t\t<div class=\"elementor-widget-wrap elementor-element-populated\">\n\t\t\t\t\t\t\t<\/div>\n\t\t<\/div>\n\t\t\t\t\t<\/div>\n\t\t<\/section>\n\t\t\t\t<section class=\"elementor-section elementor-top-section elementor-element elementor-element-52218a3 elementor-section-boxed elementor-section-height-default elementor-section-height-default\" data-id=\"52218a3\" data-element_type=\"section\" data-e-type=\"section\">\n\t\t\t\t\t\t<div class=\"elementor-container elementor-column-gap-default\">\n\t\t\t\t\t<div class=\"elementor-column elementor-col-100 elementor-top-column elementor-element elementor-element-37046f8\" data-id=\"37046f8\" data-element_type=\"column\" data-e-type=\"column\">\n\t\t\t<div class=\"elementor-widget-wrap elementor-element-populated\">\n\t\t\t\t\t\t<div class=\"elementor-element elementor-element-c0b27bd elementor-widget elementor-widget-text-editor\" data-id=\"c0b27bd\" data-element_type=\"widget\" data-e-type=\"widget\" data-widget_type=\"text-editor.default\">\n\t\t\t\t<div class=\"elementor-widget-container\">\n\t\t\t\t\t\t\t\t\t<p>O <strong>18\u00b0 Congresso Brasileiro de Hansenologia<\/strong>, com o tema <strong>&#8220;Hansenologia nos pa\u00edses que comp\u00f5em o BRICS+&#8221;<\/strong>, abordar\u00e1 aspectos contempor\u00e2neos relacionados \u00e0 hansen\u00edase do s\u00e9culo XXI, trar\u00e1 importantes contribui\u00e7\u00f5es em ci\u00eancia, tecnologia e inova\u00e7\u00e3o, tanto do ponto de vista cl\u00ednico, quanto dos exames complementares, visando ao melhor manejo dos casos de hansen\u00edase e a consequente melhora da qualidade de vida das pessoas atingidas pela hansen\u00edase.<\/p><p>Ser\u00e1 emocionante mergulhar nos avan\u00e7os mais recentes sobre hansen\u00edase! Vamos l\u00e1, temos tantos t\u00f3picos fascinantes para explorar juntos! Vamos nos debru\u00e7ar sobre os instrumentos de busca ativa de casos precoces e como a intelig\u00eancia artificial est\u00e1 revolucionando essa \u00e1rea. Os avan\u00e7os na biologia molecular tamb\u00e9m ser\u00e3o tratados, especialmente dos projetos de qPCR-DNA em raspados d\u00e9rmicos e RT-PCR RNA na fal\u00eancia terap\u00eautica. \u00c9 simplesmente incr\u00edvel como a ci\u00eancia est\u00e1 nos permitindo diagnosticar a hansen\u00edase de maneira cada vez mais precisa!<\/p><p>N\u00e3o podemos esquecer dos diagn\u00f3sticos diferenciais de neuropatias relacionadas \u00e0 hansen\u00edase. Estamos falando de amiloidose familiar e diabetes mellitus. Identificar essas diferen\u00e7as \u00e9 crucial para um tratamento eficaz.<\/p><p>Quanto a utiliza\u00e7\u00e3o do ultrassom de nervos perif\u00e9ricos, uma verdadeira revolu\u00e7\u00e3o no diagn\u00f3stico! Com novos \u00edndices de assimetria e focaliza\u00e7\u00e3o de agress\u00e3o, que nos permitem identificar altera\u00e7\u00f5es espec\u00edficas para hansen\u00edase, amiloidose e diabetes mellitus.<\/p><p>N\u00e3o podemos deixar de rediscutir o PCDT da hansen\u00edase. \u00c9 hora de avaliarmos para entender os acertos e erros do PCDT, para podemos mensurar os avan\u00e7os e desafios que se estabeleceram, sempre visando proporcionar o melhor tratamento poss\u00edvel para todos os pacientes.<\/p><p>O <strong>18\u00b0 Congresso Brasileiro de Hansenologia <\/strong>ser\u00e1 uma viagem emocionante pelo mundo da hansen\u00edase, especialmente pelos pa\u00edses que comp\u00f5e o BRICS+, juntos, estamos avan\u00e7ando na luta para o real controle da doen\u00e7a e oferecendo um futuro mais inclusivo para todos os pacientes e familiares.<\/p>\t\t\t\t\t\t\t\t<\/div>\n\t\t\t\t<\/div>\n\t\t\t\t\t<\/div>\n\t\t<\/div>\n\t\t\t\t\t<\/div>\n\t\t<\/section>\n\t\t\t\t<\/div>\n\t\t","protected":false},"excerpt":{"rendered":"<p>O 18\u00b0 Congresso Brasileiro de Hansenologia, com o tema &#8220;Hansenologia nos pa\u00edses que comp\u00f5em o BRICS+&#8221;, abordar\u00e1 aspectos contempor\u00e2neos relacionados \u00e0 hansen\u00edase do s\u00e9culo XXI, trar\u00e1 importantes contribui\u00e7\u00f5es em ci\u00eancia, tecnologia e inova\u00e7\u00e3o, tanto do ponto de vista cl\u00ednico, quanto dos exames complementares, visando ao melhor manejo dos casos de hansen\u00edase e a consequente melhora [&hellip;]<\/p>\n","protected":false},"author":1,"featured_media":0,"parent":0,"menu_order":0,"comment_status":"closed","ping_status":"closed","template":"elementor_header_footer","meta":{"footnotes":""},"class_list":["post-31","page","type-page","status-publish","hentry"],"aioseo_notices":[],"_links":{"self":[{"href":"https:\/\/sbhansenologia.com.br\/2024\/wp-json\/wp\/v2\/pages\/31","targetHints":{"allow":["GET"]}}],"collection":[{"href":"https:\/\/sbhansenologia.com.br\/2024\/wp-json\/wp\/v2\/pages"}],"about":[{"href":"https:\/\/sbhansenologia.com.br\/2024\/wp-json\/wp\/v2\/types\/page"}],"author":[{"embeddable":true,"href":"https:\/\/sbhansenologia.com.br\/2024\/wp-json\/wp\/v2\/users\/1"}],"replies":[{"embeddable":true,"href":"https:\/\/sbhansenologia.com.br\/2024\/wp-json\/wp\/v2\/comments?post=31"}],"version-history":[{"count":28,"href":"https:\/\/sbhansenologia.com.br\/2024\/wp-json\/wp\/v2\/pages\/31\/revisions"}],"predecessor-version":[{"id":2100,"href":"https:\/\/sbhansenologia.com.br\/2024\/wp-json\/wp\/v2\/pages\/31\/revisions\/2100"}],"wp:attachment":[{"href":"https:\/\/sbhansenologia.com.br\/2024\/wp-json\/wp\/v2\/media?parent=31"}],"curies":[{"name":"wp","href":"https:\/\/api.w.org\/{rel}","templated":true}]}}