{"id":44,"date":"2022-09-23T20:43:56","date_gmt":"2022-09-23T20:43:56","guid":{"rendered":"https:\/\/sbhansenologia.com.br\/?page_id=44"},"modified":"2024-06-05T23:29:47","modified_gmt":"2024-06-05T23:29:47","slug":"hospedagem-e-turismo","status":"publish","type":"page","link":"https:\/\/sbhansenologia.com.br\/2024\/hospedagem-e-turismo\/","title":{"rendered":"Hospedagem e Transporte"},"content":{"rendered":"\t\t<div data-elementor-type=\"wp-page\" data-elementor-id=\"44\" class=\"elementor elementor-44\" data-elementor-post-type=\"page\">\n\t\t\t\t\t\t<section class=\"elementor-section elementor-top-section elementor-element elementor-element-6d122cd0 elementor-section-height-min-height elementor-section-boxed elementor-section-height-default elementor-section-items-middle\" data-id=\"6d122cd0\" data-element_type=\"section\" data-e-type=\"section\" data-settings=\"{&quot;background_background&quot;:&quot;classic&quot;}\">\n\t\t\t\t\t\t\t<div class=\"elementor-background-overlay\"><\/div>\n\t\t\t\t\t\t\t<div class=\"elementor-container elementor-column-gap-default\">\n\t\t\t\t\t<div class=\"elementor-column elementor-col-100 elementor-top-column elementor-element elementor-element-50bae23\" data-id=\"50bae23\" data-element_type=\"column\" data-e-type=\"column\">\n\t\t\t<div class=\"elementor-widget-wrap elementor-element-populated\">\n\t\t\t\t\t\t\t<\/div>\n\t\t<\/div>\n\t\t\t\t\t<\/div>\n\t\t<\/section>\n\t\t\t\t<section class=\"elementor-section elementor-top-section elementor-element elementor-element-e6df01f elementor-section-boxed elementor-section-height-default elementor-section-height-default\" data-id=\"e6df01f\" data-element_type=\"section\" data-e-type=\"section\">\n\t\t\t\t\t\t<div class=\"elementor-container elementor-column-gap-default\">\n\t\t\t\t\t<div class=\"elementor-column elementor-col-100 elementor-top-column elementor-element elementor-element-82e2e74\" data-id=\"82e2e74\" data-element_type=\"column\" data-e-type=\"column\">\n\t\t\t<div class=\"elementor-widget-wrap elementor-element-populated\">\n\t\t\t\t\t\t<section class=\"elementor-section elementor-inner-section elementor-element elementor-element-b36d5a2 elementor-section-boxed elementor-section-height-default elementor-section-height-default\" data-id=\"b36d5a2\" data-element_type=\"section\" data-e-type=\"section\">\n\t\t\t\t\t\t<div class=\"elementor-container elementor-column-gap-default\">\n\t\t\t\t\t<div class=\"elementor-column elementor-col-50 elementor-inner-column elementor-element elementor-element-97c86d8\" data-id=\"97c86d8\" data-element_type=\"column\" data-e-type=\"column\">\n\t\t\t<div class=\"elementor-widget-wrap elementor-element-populated\">\n\t\t\t\t\t\t<div class=\"elementor-element elementor-element-c0a39dd elementor-widget elementor-widget-image\" data-id=\"c0a39dd\" data-element_type=\"widget\" data-e-type=\"widget\" data-widget_type=\"image.default\">\n\t\t\t\t<div class=\"elementor-widget-container\">\n\t\t\t\t\t\t\t\t\t\t\t\t\t\t\t\t<a href=\"https:\/\/fellini.group\/evento\/congresso\/18-congresso-brasileiro-de-hansenologia%20\" target=\"_blank\">\n\t\t\t\t\t\t\t<img fetchpriority=\"high\" decoding=\"async\" width=\"800\" height=\"120\" src=\"https:\/\/sbhansenologia.com.br\/2024\/wp-content\/uploads\/2024\/05\/Logo-Fellini-1024x154.png\" class=\"attachment-large size-large wp-image-2046\" alt=\"\" srcset=\"https:\/\/sbhansenologia.com.br\/2024\/wp-content\/uploads\/2024\/05\/Logo-Fellini-1024x154.png 1024w, https:\/\/sbhansenologia.com.br\/2024\/wp-content\/uploads\/2024\/05\/Logo-Fellini-300x45.png 300w, https:\/\/sbhansenologia.com.br\/2024\/wp-content\/uploads\/2024\/05\/Logo-Fellini-768x116.png 768w, https:\/\/sbhansenologia.com.br\/2024\/wp-content\/uploads\/2024\/05\/Logo-Fellini-1536x231.png 1536w, https:\/\/sbhansenologia.com.br\/2024\/wp-content\/uploads\/2024\/05\/Logo-Fellini-2048x308.png 2048w\" sizes=\"(max-width: 800px) 100vw, 800px\" \/>\t\t\t\t\t\t\t\t<\/a>\n\t\t\t\t\t\t\t\t\t\t\t\t\t\t\t<\/div>\n\t\t\t\t<\/div>\n\t\t\t\t\t<\/div>\n\t\t<\/div>\n\t\t\t\t<div class=\"elementor-column elementor-col-50 elementor-inner-column elementor-element elementor-element-65ae031\" data-id=\"65ae031\" data-element_type=\"column\" data-e-type=\"column\">\n\t\t\t<div class=\"elementor-widget-wrap\">\n\t\t\t\t\t\t\t<\/div>\n\t\t<\/div>\n\t\t\t\t\t<\/div>\n\t\t<\/section>\n\t\t\t\t<div class=\"elementor-element elementor-element-5bc3e4a elementor-widget elementor-widget-text-editor\" data-id=\"5bc3e4a\" data-element_type=\"widget\" data-e-type=\"widget\" data-widget_type=\"text-editor.default\">\n\t\t\t\t<div class=\"elementor-widget-container\">\n\t\t\t\t\t\t\t\t\t<p>A FelliniEvents tem a honra de ser a Ag\u00eancia Oficial do Congresso, e estamos \u00e0 disposi\u00e7\u00e3o para auxiliar aos participantes na organiza\u00e7\u00e3o de sua viagem, oferecendo um servi\u00e7o de confian\u00e7a e excel\u00eancia.<\/p>\t\t\t\t\t\t\t\t<\/div>\n\t\t\t\t<\/div>\n\t\t\t\t<div class=\"elementor-element elementor-element-77d7a60 elementor-widget elementor-widget-text-editor\" data-id=\"77d7a60\" data-element_type=\"widget\" data-e-type=\"widget\" data-widget_type=\"text-editor.default\">\n\t\t\t\t<div class=\"elementor-widget-container\">\n\t\t\t\t\t\t\t\t\t<p><strong>Abaixo voc\u00ea encontrar\u00e1 op\u00e7\u00f5es de hospedagem, transportes e passeios.<\/strong><\/p><p><strong>Contate a Fellini para assessorar voc\u00ea, ou acesse nosso site<\/strong><br \/><strong>para realizar as reservas agora mesmo!<\/strong><\/p>\t\t\t\t\t\t\t\t<\/div>\n\t\t\t\t<\/div>\n\t\t\t\t\t<\/div>\n\t\t<\/div>\n\t\t\t\t\t<\/div>\n\t\t<\/section>\n\t\t\t\t<section class=\"elementor-section elementor-top-section elementor-element elementor-element-f5a8737 elementor-section-boxed elementor-section-height-default elementor-section-height-default\" data-id=\"f5a8737\" data-element_type=\"section\" data-e-type=\"section\">\n\t\t\t\t\t\t<div class=\"elementor-container elementor-column-gap-default\">\n\t\t\t\t\t<div class=\"elementor-column elementor-col-50 elementor-top-column elementor-element elementor-element-6dbd44d\" data-id=\"6dbd44d\" data-element_type=\"column\" data-e-type=\"column\">\n\t\t\t<div class=\"elementor-widget-wrap elementor-element-populated\">\n\t\t\t\t\t\t<div class=\"elementor-element elementor-element-4c457c6 elementor-widget elementor-widget-text-editor\" data-id=\"4c457c6\" data-element_type=\"widget\" data-e-type=\"widget\" data-widget_type=\"text-editor.default\">\n\t\t\t\t<div class=\"elementor-widget-container\">\n\t\t\t\t\t\t\t\t\t<p><strong>Camila<\/strong><br \/>camila@fellinievents.com.br<br \/>(21) 97186.2670<\/p>\t\t\t\t\t\t\t\t<\/div>\n\t\t\t\t<\/div>\n\t\t\t\t\t<\/div>\n\t\t<\/div>\n\t\t\t\t<div class=\"elementor-column elementor-col-50 elementor-top-column elementor-element elementor-element-96c447e\" data-id=\"96c447e\" data-element_type=\"column\" data-e-type=\"column\">\n\t\t\t<div class=\"elementor-widget-wrap elementor-element-populated\">\n\t\t\t\t\t\t<section class=\"elementor-section elementor-inner-section elementor-element elementor-element-cb53547 elementor-section-boxed elementor-section-height-default elementor-section-height-default\" data-id=\"cb53547\" data-element_type=\"section\" data-e-type=\"section\">\n\t\t\t\t\t\t<div class=\"elementor-container elementor-column-gap-default\">\n\t\t\t\t\t<div class=\"elementor-column elementor-col-33 elementor-inner-column elementor-element elementor-element-729319f\" data-id=\"729319f\" data-element_type=\"column\" data-e-type=\"column\">\n\t\t\t<div class=\"elementor-widget-wrap elementor-element-populated\">\n\t\t\t\t\t\t<div class=\"elementor-element elementor-element-5d76c99 elementor-widget elementor-widget-image\" data-id=\"5d76c99\" data-element_type=\"widget\" data-e-type=\"widget\" data-widget_type=\"image.default\">\n\t\t\t\t<div class=\"elementor-widget-container\">\n\t\t\t\t\t\t\t\t\t\t\t\t\t\t\t\t<a href=\"https:\/\/api.whatsapp.com\/send?phone=5521971862670\" target=\"_blank\">\n\t\t\t\t\t\t\t<img decoding=\"async\" width=\"800\" height=\"133\" src=\"https:\/\/sbhansenologia.com.br\/2024\/wp-content\/uploads\/2024\/05\/WhatsApp-1024x170.png\" class=\"attachment-large size-large wp-image-2049\" alt=\"\" srcset=\"https:\/\/sbhansenologia.com.br\/2024\/wp-content\/uploads\/2024\/05\/WhatsApp-1024x170.png 1024w, https:\/\/sbhansenologia.com.br\/2024\/wp-content\/uploads\/2024\/05\/WhatsApp-300x50.png 300w, https:\/\/sbhansenologia.com.br\/2024\/wp-content\/uploads\/2024\/05\/WhatsApp-768x127.png 768w, https:\/\/sbhansenologia.com.br\/2024\/wp-content\/uploads\/2024\/05\/WhatsApp-1536x254.png 1536w, https:\/\/sbhansenologia.com.br\/2024\/wp-content\/uploads\/2024\/05\/WhatsApp-2048x339.png 2048w\" sizes=\"(max-width: 800px) 100vw, 800px\" \/>\t\t\t\t\t\t\t\t<\/a>\n\t\t\t\t\t\t\t\t\t\t\t\t\t\t\t<\/div>\n\t\t\t\t<\/div>\n\t\t\t\t\t<\/div>\n\t\t<\/div>\n\t\t\t\t<div class=\"elementor-column elementor-col-33 elementor-inner-column elementor-element elementor-element-7c3550a\" data-id=\"7c3550a\" data-element_type=\"column\" data-e-type=\"column\">\n\t\t\t<div class=\"elementor-widget-wrap\">\n\t\t\t\t\t\t\t<\/div>\n\t\t<\/div>\n\t\t\t\t<div class=\"elementor-column elementor-col-33 elementor-inner-column elementor-element elementor-element-40764eb\" data-id=\"40764eb\" data-element_type=\"column\" data-e-type=\"column\">\n\t\t\t<div class=\"elementor-widget-wrap\">\n\t\t\t\t\t\t\t<\/div>\n\t\t<\/div>\n\t\t\t\t\t<\/div>\n\t\t<\/section>\n\t\t\t\t\t<\/div>\n\t\t<\/div>\n\t\t\t\t\t<\/div>\n\t\t<\/section>\n\t\t\t\t<section class=\"elementor-section elementor-top-section elementor-element elementor-element-87169e2 elementor-section-boxed elementor-section-height-default elementor-section-height-default\" data-id=\"87169e2\" data-element_type=\"section\" data-e-type=\"section\">\n\t\t\t\t\t\t<div class=\"elementor-container elementor-column-gap-default\">\n\t\t\t\t\t<div class=\"elementor-column elementor-col-50 elementor-top-column elementor-element elementor-element-ac8c7a8\" data-id=\"ac8c7a8\" data-element_type=\"column\" data-e-type=\"column\">\n\t\t\t<div class=\"elementor-widget-wrap elementor-element-populated\">\n\t\t\t\t\t\t<div class=\"elementor-element elementor-element-a25c011 elementor-widget elementor-widget-text-editor\" data-id=\"a25c011\" data-element_type=\"widget\" data-e-type=\"widget\" data-widget_type=\"text-editor.default\">\n\t\t\t\t<div class=\"elementor-widget-container\">\n\t\t\t\t\t\t\t\t\t<p><strong>Veritiana<\/strong><br \/>veri@fellinievents.com.br<br \/>(51) 99225-9330<\/p>\t\t\t\t\t\t\t\t<\/div>\n\t\t\t\t<\/div>\n\t\t\t\t\t<\/div>\n\t\t<\/div>\n\t\t\t\t<div class=\"elementor-column elementor-col-50 elementor-top-column elementor-element elementor-element-f33fa1f\" data-id=\"f33fa1f\" data-element_type=\"column\" data-e-type=\"column\">\n\t\t\t<div class=\"elementor-widget-wrap elementor-element-populated\">\n\t\t\t\t\t\t<section class=\"elementor-section elementor-inner-section elementor-element elementor-element-6dfd087 elementor-section-boxed elementor-section-height-default elementor-section-height-default\" data-id=\"6dfd087\" data-element_type=\"section\" data-e-type=\"section\">\n\t\t\t\t\t\t<div class=\"elementor-container elementor-column-gap-default\">\n\t\t\t\t\t<div class=\"elementor-column elementor-col-33 elementor-inner-column elementor-element elementor-element-e54064f\" data-id=\"e54064f\" data-element_type=\"column\" data-e-type=\"column\">\n\t\t\t<div class=\"elementor-widget-wrap elementor-element-populated\">\n\t\t\t\t\t\t<div class=\"elementor-element elementor-element-8579dc1 elementor-widget elementor-widget-image\" data-id=\"8579dc1\" data-element_type=\"widget\" data-e-type=\"widget\" data-widget_type=\"image.default\">\n\t\t\t\t<div class=\"elementor-widget-container\">\n\t\t\t\t\t\t\t\t\t\t\t\t\t\t\t\t<a href=\"https:\/\/api.whatsapp.com\/send?phone=5551992259330\" target=\"_blank\">\n\t\t\t\t\t\t\t<img decoding=\"async\" width=\"800\" height=\"133\" src=\"https:\/\/sbhansenologia.com.br\/2024\/wp-content\/uploads\/2024\/05\/WhatsApp-1024x170.png\" class=\"attachment-large size-large wp-image-2049\" alt=\"\" srcset=\"https:\/\/sbhansenologia.com.br\/2024\/wp-content\/uploads\/2024\/05\/WhatsApp-1024x170.png 1024w, https:\/\/sbhansenologia.com.br\/2024\/wp-content\/uploads\/2024\/05\/WhatsApp-300x50.png 300w, https:\/\/sbhansenologia.com.br\/2024\/wp-content\/uploads\/2024\/05\/WhatsApp-768x127.png 768w, https:\/\/sbhansenologia.com.br\/2024\/wp-content\/uploads\/2024\/05\/WhatsApp-1536x254.png 1536w, https:\/\/sbhansenologia.com.br\/2024\/wp-content\/uploads\/2024\/05\/WhatsApp-2048x339.png 2048w\" sizes=\"(max-width: 800px) 100vw, 800px\" \/>\t\t\t\t\t\t\t\t<\/a>\n\t\t\t\t\t\t\t\t\t\t\t\t\t\t\t<\/div>\n\t\t\t\t<\/div>\n\t\t\t\t\t<\/div>\n\t\t<\/div>\n\t\t\t\t<div class=\"elementor-column elementor-col-33 elementor-inner-column elementor-element elementor-element-951b31e\" data-id=\"951b31e\" data-element_type=\"column\" data-e-type=\"column\">\n\t\t\t<div class=\"elementor-widget-wrap\">\n\t\t\t\t\t\t\t<\/div>\n\t\t<\/div>\n\t\t\t\t<div class=\"elementor-column elementor-col-33 elementor-inner-column elementor-element elementor-element-a7bd776\" data-id=\"a7bd776\" data-element_type=\"column\" data-e-type=\"column\">\n\t\t\t<div class=\"elementor-widget-wrap\">\n\t\t\t\t\t\t\t<\/div>\n\t\t<\/div>\n\t\t\t\t\t<\/div>\n\t\t<\/section>\n\t\t\t\t\t<\/div>\n\t\t<\/div>\n\t\t\t\t\t<\/div>\n\t\t<\/section>\n\t\t\t\t<section class=\"elementor-section elementor-top-section elementor-element elementor-element-22fc9ac elementor-section-boxed elementor-section-height-default elementor-section-height-default\" data-id=\"22fc9ac\" data-element_type=\"section\" data-e-type=\"section\">\n\t\t\t\t\t\t<div class=\"elementor-container elementor-column-gap-default\">\n\t\t\t\t\t<div class=\"elementor-column elementor-col-33 elementor-top-column elementor-element elementor-element-740a9c3\" data-id=\"740a9c3\" data-element_type=\"column\" data-e-type=\"column\">\n\t\t\t<div class=\"elementor-widget-wrap elementor-element-populated\">\n\t\t\t\t\t\t<div class=\"elementor-element elementor-element-0bc93d6 elementor-widget elementor-widget-image\" data-id=\"0bc93d6\" data-element_type=\"widget\" data-e-type=\"widget\" data-widget_type=\"image.default\">\n\t\t\t\t<div class=\"elementor-widget-container\">\n\t\t\t\t\t\t\t\t\t\t\t\t\t\t\t\t<a href=\"https:\/\/fellini.group\/traslados\/congresso\/18-congresso-brasileiro-de-hansenologia\" target=\"_blank\">\n\t\t\t\t\t\t\t<img decoding=\"async\" width=\"800\" height=\"125\" src=\"https:\/\/sbhansenologia.com.br\/2024\/wp-content\/uploads\/2024\/05\/Transfer-1024x160.png\" class=\"attachment-large size-large wp-image-2051\" alt=\"\" srcset=\"https:\/\/sbhansenologia.com.br\/2024\/wp-content\/uploads\/2024\/05\/Transfer-1024x160.png 1024w, https:\/\/sbhansenologia.com.br\/2024\/wp-content\/uploads\/2024\/05\/Transfer-300x47.png 300w, https:\/\/sbhansenologia.com.br\/2024\/wp-content\/uploads\/2024\/05\/Transfer-768x120.png 768w, https:\/\/sbhansenologia.com.br\/2024\/wp-content\/uploads\/2024\/05\/Transfer-1536x240.png 1536w, https:\/\/sbhansenologia.com.br\/2024\/wp-content\/uploads\/2024\/05\/Transfer-2048x320.png 2048w\" sizes=\"(max-width: 800px) 100vw, 800px\" \/>\t\t\t\t\t\t\t\t<\/a>\n\t\t\t\t\t\t\t\t\t\t\t\t\t\t\t<\/div>\n\t\t\t\t<\/div>\n\t\t\t\t\t<\/div>\n\t\t<\/div>\n\t\t\t\t<div class=\"elementor-column elementor-col-33 elementor-top-column elementor-element elementor-element-b3c34a7\" data-id=\"b3c34a7\" data-element_type=\"column\" data-e-type=\"column\">\n\t\t\t<div class=\"elementor-widget-wrap\">\n\t\t\t\t\t\t\t<\/div>\n\t\t<\/div>\n\t\t\t\t<div class=\"elementor-column elementor-col-33 elementor-top-column elementor-element elementor-element-eb42965\" data-id=\"eb42965\" data-element_type=\"column\" data-e-type=\"column\">\n\t\t\t<div class=\"elementor-widget-wrap\">\n\t\t\t\t\t\t\t<\/div>\n\t\t<\/div>\n\t\t\t\t\t<\/div>\n\t\t<\/section>\n\t\t\t\t<section class=\"elementor-section elementor-top-section elementor-element elementor-element-3f189dc elementor-section-boxed elementor-section-height-default elementor-section-height-default\" data-id=\"3f189dc\" data-element_type=\"section\" data-e-type=\"section\">\n\t\t\t\t\t\t<div class=\"elementor-container elementor-column-gap-default\">\n\t\t\t\t\t<div class=\"elementor-column elementor-col-33 elementor-top-column elementor-element elementor-element-9ba9506\" data-id=\"9ba9506\" data-element_type=\"column\" data-e-type=\"column\">\n\t\t\t<div class=\"elementor-widget-wrap elementor-element-populated\">\n\t\t\t\t\t\t<div class=\"elementor-element elementor-element-c2d18cf elementor-widget elementor-widget-image\" data-id=\"c2d18cf\" data-element_type=\"widget\" data-e-type=\"widget\" data-widget_type=\"image.default\">\n\t\t\t\t<div class=\"elementor-widget-container\">\n\t\t\t\t\t\t\t\t\t\t\t\t\t\t\t\t<a href=\"https:\/\/fellini.group\/passeio\/congresso\/18-congresso-brasileiro-de-hansenologia\" target=\"_blank\">\n\t\t\t\t\t\t\t<img loading=\"lazy\" decoding=\"async\" width=\"800\" height=\"125\" src=\"https:\/\/sbhansenologia.com.br\/2024\/wp-content\/uploads\/2024\/05\/Passeio-1024x160.png\" class=\"attachment-large size-large wp-image-2050\" alt=\"\" srcset=\"https:\/\/sbhansenologia.com.br\/2024\/wp-content\/uploads\/2024\/05\/Passeio-1024x160.png 1024w, https:\/\/sbhansenologia.com.br\/2024\/wp-content\/uploads\/2024\/05\/Passeio-300x47.png 300w, https:\/\/sbhansenologia.com.br\/2024\/wp-content\/uploads\/2024\/05\/Passeio-768x120.png 768w, https:\/\/sbhansenologia.com.br\/2024\/wp-content\/uploads\/2024\/05\/Passeio-1536x240.png 1536w, https:\/\/sbhansenologia.com.br\/2024\/wp-content\/uploads\/2024\/05\/Passeio-2048x320.png 2048w\" sizes=\"(max-width: 800px) 100vw, 800px\" \/>\t\t\t\t\t\t\t\t<\/a>\n\t\t\t\t\t\t\t\t\t\t\t\t\t\t\t<\/div>\n\t\t\t\t<\/div>\n\t\t\t\t\t<\/div>\n\t\t<\/div>\n\t\t\t\t<div class=\"elementor-column elementor-col-33 elementor-top-column elementor-element elementor-element-512cc26\" data-id=\"512cc26\" data-element_type=\"column\" data-e-type=\"column\">\n\t\t\t<div class=\"elementor-widget-wrap\">\n\t\t\t\t\t\t\t<\/div>\n\t\t<\/div>\n\t\t\t\t<div class=\"elementor-column elementor-col-33 elementor-top-column elementor-element elementor-element-53e2b5f\" data-id=\"53e2b5f\" data-element_type=\"column\" data-e-type=\"column\">\n\t\t\t<div class=\"elementor-widget-wrap\">\n\t\t\t\t\t\t\t<\/div>\n\t\t<\/div>\n\t\t\t\t\t<\/div>\n\t\t<\/section>\n\t\t\t\t<section class=\"elementor-section elementor-top-section elementor-element elementor-element-d9f052c elementor-section-boxed elementor-section-height-default elementor-section-height-default\" data-id=\"d9f052c\" data-element_type=\"section\" data-e-type=\"section\">\n\t\t\t\t\t\t<div class=\"elementor-container elementor-column-gap-default\">\n\t\t\t\t\t<div class=\"elementor-column elementor-col-100 elementor-top-column elementor-element elementor-element-9390f9a\" data-id=\"9390f9a\" data-element_type=\"column\" data-e-type=\"column\">\n\t\t\t<div class=\"elementor-widget-wrap elementor-element-populated\">\n\t\t\t\t\t\t<section class=\"elementor-section elementor-inner-section elementor-element elementor-element-6b1be66 elementor-section-boxed elementor-section-height-default elementor-section-height-default\" data-id=\"6b1be66\" data-element_type=\"section\" data-e-type=\"section\">\n\t\t\t\t\t\t<div class=\"elementor-container elementor-column-gap-default\">\n\t\t\t\t\t<div class=\"elementor-column elementor-col-33 elementor-inner-column elementor-element elementor-element-a4f9574\" data-id=\"a4f9574\" data-element_type=\"column\" data-e-type=\"column\">\n\t\t\t<div class=\"elementor-widget-wrap elementor-element-populated\">\n\t\t\t\t\t\t<div class=\"elementor-element elementor-element-c2129f4 elementor-widget elementor-widget-text-editor\" data-id=\"c2129f4\" data-element_type=\"widget\" data-e-type=\"widget\" data-widget_type=\"text-editor.default\">\n\t\t\t\t<div class=\"elementor-widget-container\">\n\t\t\t\t\t\t\t\t\t<p><strong>&gt;&gt; Confira o hotel:<\/strong><\/p><p>O Gran Hotel Stella Maris \u00e9 o hotel oficial do 18\u00b0 Congresso Brasileiro de Hansenologia! Aproveite a conveni\u00eancia de estar no local do evento e<br \/>desfrute das melhores tarifas e condi\u00e7\u00f5es especiais. Garanta j\u00e1 sua reserva e tenha uma estadia confort\u00e1vel e pr\u00e1tica.<\/p><p>Valores de di\u00e1rias com caf\u00e9 da manh\u00e3 e taxas inclusas.<\/p><p>Acesse nosso site para realizar as reservas e conferir valores.<\/p>\t\t\t\t\t\t\t\t<\/div>\n\t\t\t\t<\/div>\n\t\t\t\t<div class=\"elementor-element elementor-element-67b525c elementor-widget elementor-widget-image\" data-id=\"67b525c\" data-element_type=\"widget\" data-e-type=\"widget\" data-widget_type=\"image.default\">\n\t\t\t\t<div class=\"elementor-widget-container\">\n\t\t\t\t\t\t\t\t\t\t\t\t\t\t\t\t<a href=\"https:\/\/fellini.group\/hospedagem\/congresso\/18-congresso-brasileiro-de-hansenologia\" target=\"_blank\">\n\t\t\t\t\t\t\t<img decoding=\"async\" src=\"https:\/\/sbhansenologia.com.br\/2024\/wp-content\/uploads\/elementor\/thumbs\/Hospedagem-qoujw2hkt8vzkmyhjy2rs5p7ei915wgkox1lrvey9s.png\" title=\"\" alt=\"\" loading=\"lazy\" \/>\t\t\t\t\t\t\t\t<\/a>\n\t\t\t\t\t\t\t\t\t\t\t\t\t\t\t<\/div>\n\t\t\t\t<\/div>\n\t\t\t\t\t<\/div>\n\t\t<\/div>\n\t\t\t\t<div class=\"elementor-column elementor-col-33 elementor-inner-column elementor-element elementor-element-991a7af\" data-id=\"991a7af\" data-element_type=\"column\" data-e-type=\"column\">\n\t\t\t<div class=\"elementor-widget-wrap\">\n\t\t\t\t\t\t\t<\/div>\n\t\t<\/div>\n\t\t\t\t<div class=\"elementor-column elementor-col-33 elementor-inner-column elementor-element elementor-element-fbd158a\" data-id=\"fbd158a\" data-element_type=\"column\" data-e-type=\"column\">\n\t\t\t<div class=\"elementor-widget-wrap elementor-element-populated\">\n\t\t\t\t\t\t<div class=\"elementor-element elementor-element-ccceb9c elementor-widget elementor-widget-image\" data-id=\"ccceb9c\" data-element_type=\"widget\" data-e-type=\"widget\" data-widget_type=\"image.default\">\n\t\t\t\t<div class=\"elementor-widget-container\">\n\t\t\t\t\t\t\t\t\t\t\t\t\t\t\t<img loading=\"lazy\" decoding=\"async\" width=\"800\" height=\"781\" src=\"https:\/\/sbhansenologia.com.br\/2024\/wp-content\/uploads\/2024\/05\/Hotel-1024x1000.png\" class=\"attachment-large size-large wp-image-2048\" alt=\"\" srcset=\"https:\/\/sbhansenologia.com.br\/2024\/wp-content\/uploads\/2024\/05\/Hotel-1024x1000.png 1024w, https:\/\/sbhansenologia.com.br\/2024\/wp-content\/uploads\/2024\/05\/Hotel-300x293.png 300w, https:\/\/sbhansenologia.com.br\/2024\/wp-content\/uploads\/2024\/05\/Hotel-768x750.png 768w, https:\/\/sbhansenologia.com.br\/2024\/wp-content\/uploads\/2024\/05\/Hotel.png 1106w\" sizes=\"(max-width: 800px) 100vw, 800px\" \/>\t\t\t\t\t\t\t\t\t\t\t\t\t\t\t<\/div>\n\t\t\t\t<\/div>\n\t\t\t\t\t<\/div>\n\t\t<\/div>\n\t\t\t\t\t<\/div>\n\t\t<\/section>\n\t\t\t\t\t<\/div>\n\t\t<\/div>\n\t\t\t\t\t<\/div>\n\t\t<\/section>\n\t\t\t\t<\/div>\n\t\t","protected":false},"excerpt":{"rendered":"<p>A FelliniEvents tem a honra de ser a Ag\u00eancia Oficial do Congresso, e estamos \u00e0 disposi\u00e7\u00e3o para auxiliar aos participantes na organiza\u00e7\u00e3o de sua viagem, oferecendo um servi\u00e7o de confian\u00e7a e excel\u00eancia. Abaixo voc\u00ea encontrar\u00e1 op\u00e7\u00f5es de hospedagem, transportes e passeios. Contate a Fellini para assessorar voc\u00ea, ou acesse nosso sitepara realizar as reservas agora [&hellip;]<\/p>\n","protected":false},"author":1,"featured_media":0,"parent":0,"menu_order":0,"comment_status":"closed","ping_status":"closed","template":"elementor_header_footer","meta":{"footnotes":""},"class_list":["post-44","page","type-page","status-publish","hentry"],"aioseo_notices":[],"_links":{"self":[{"href":"https:\/\/sbhansenologia.com.br\/2024\/wp-json\/wp\/v2\/pages\/44","targetHints":{"allow":["GET"]}}],"collection":[{"href":"https:\/\/sbhansenologia.com.br\/2024\/wp-json\/wp\/v2\/pages"}],"about":[{"href":"https:\/\/sbhansenologia.com.br\/2024\/wp-json\/wp\/v2\/types\/page"}],"author":[{"embeddable":true,"href":"https:\/\/sbhansenologia.com.br\/2024\/wp-json\/wp\/v2\/users\/1"}],"replies":[{"embeddable":true,"href":"https:\/\/sbhansenologia.com.br\/2024\/wp-json\/wp\/v2\/comments?post=44"}],"version-history":[{"count":73,"href":"https:\/\/sbhansenologia.com.br\/2024\/wp-json\/wp\/v2\/pages\/44\/revisions"}],"predecessor-version":[{"id":2083,"href":"https:\/\/sbhansenologia.com.br\/2024\/wp-json\/wp\/v2\/pages\/44\/revisions\/2083"}],"wp:attachment":[{"href":"https:\/\/sbhansenologia.com.br\/2024\/wp-json\/wp\/v2\/media?parent=44"}],"curies":[{"name":"wp","href":"https:\/\/api.w.org\/{rel}","templated":true}]}}